{"id":4649,"date":"2024-06-11T18:39:32","date_gmt":"2024-06-11T18:39:32","guid":{"rendered":"https:\/\/growtharmy.it\/?page_id=4649"},"modified":"2024-07-15T11:47:48","modified_gmt":"2024-07-15T11:47:48","slug":"career-coaching-in-marketing","status":"publish","type":"page","link":"https:\/\/growth-army.it\/?page_id=4649","title":{"rendered":"Marketing"},"content":{"rendered":"\t\t<div data-elementor-type=\"wp-page\" data-elementor-id=\"4649\" class=\"elementor elementor-4649\">\n\t\t\t\t<div class=\"elementor-element elementor-element-bff0285 e-flex e-con-boxed e-con e-parent\" data-id=\"bff0285\" data-element_type=\"container\">\n\t\t\t\t\t<div class=\"e-con-inner\">\n\t\t\t\t<div class=\"elementor-element elementor-element-f3f19d4 elementor-widget elementor-widget-heading\" data-id=\"f3f19d4\" data-element_type=\"widget\" data-widget_type=\"heading.default\">\n\t\t\t\t<div class=\"elementor-widget-container\">\n\t\t\t<style>\/*! elementor - v3.21.0 - 26-05-2024 *\/\n.elementor-heading-title{padding:0;margin:0;line-height:1}.elementor-widget-heading .elementor-heading-title[class*=elementor-size-]>a{color:inherit;font-size:inherit;line-height:inherit}.elementor-widget-heading .elementor-heading-title.elementor-size-small{font-size:15px}.elementor-widget-heading .elementor-heading-title.elementor-size-medium{font-size:19px}.elementor-widget-heading .elementor-heading-title.elementor-size-large{font-size:29px}.elementor-widget-heading .elementor-heading-title.elementor-size-xl{font-size:39px}.elementor-widget-heading .elementor-heading-title.elementor-size-xxl{font-size:59px}<\/style><h3 class=\"elementor-heading-title elementor-size-default\">Career Coaching in Marketing Online Gratuito con Coach Dedicato<\/h3>\t\t<\/div>\n\t\t\t\t<\/div>\n\t\t\t\t\t<\/div>\n\t\t\t\t<\/div>\n\t\t<div class=\"elementor-element elementor-element-dc5bd54 e-flex e-con-boxed e-con e-parent\" data-id=\"dc5bd54\" data-element_type=\"container\">\n\t\t\t\t\t<div class=\"e-con-inner\">\n\t\t<div class=\"elementor-element elementor-element-ebd7e5d e-con-full e-flex e-con e-child\" data-id=\"ebd7e5d\" data-element_type=\"container\">\n\t\t\t\t<div class=\"elementor-element elementor-element-1a88908 elementor-widget elementor-widget-image\" data-id=\"1a88908\" data-element_type=\"widget\" data-widget_type=\"image.default\">\n\t\t\t\t<div class=\"elementor-widget-container\">\n\t\t\t<style>\/*! elementor - v3.21.0 - 26-05-2024 *\/\n.elementor-widget-image{text-align:center}.elementor-widget-image a{display:inline-block}.elementor-widget-image a img[src$=\".svg\"]{width:48px}.elementor-widget-image img{vertical-align:middle;display:inline-block}<\/style>\t\t\t\t\t\t\t\t\t\t<img fetchpriority=\"high\" decoding=\"async\" width=\"1024\" height=\"666\" src=\"https:\/\/growth-army.it\/wp-content\/uploads\/2024\/06\/mark.png\" class=\"attachment-large size-large wp-image-4690\" alt=\"\" srcset=\"https:\/\/growth-army.it\/wp-content\/uploads\/2024\/06\/mark.png 1024w, https:\/\/growth-army.it\/wp-content\/uploads\/2024\/06\/mark-300x195.png 300w, https:\/\/growth-army.it\/wp-content\/uploads\/2024\/06\/mark-768x500.png 768w\" sizes=\"(max-width: 1024px) 100vw, 1024px\" \/>\t\t\t\t\t\t\t\t\t\t\t\t\t<\/div>\n\t\t\t\t<\/div>\n\t\t\t\t<\/div>\n\t\t<div class=\"elementor-element elementor-element-b160e70 e-con-full e-flex e-con e-child\" data-id=\"b160e70\" data-element_type=\"container\">\n\t\t\t\t<div class=\"elementor-element elementor-element-561e668 elementor-widget elementor-widget-text-editor\" data-id=\"561e668\" data-element_type=\"widget\" data-widget_type=\"text-editor.default\">\n\t\t\t\t<div class=\"elementor-widget-container\">\n\t\t\t<style>\/*! elementor - v3.21.0 - 26-05-2024 *\/\n.elementor-widget-text-editor.elementor-drop-cap-view-stacked .elementor-drop-cap{background-color:#69727d;color:#fff}.elementor-widget-text-editor.elementor-drop-cap-view-framed .elementor-drop-cap{color:#69727d;border:3px solid;background-color:transparent}.elementor-widget-text-editor:not(.elementor-drop-cap-view-default) .elementor-drop-cap{margin-top:8px}.elementor-widget-text-editor:not(.elementor-drop-cap-view-default) .elementor-drop-cap-letter{width:1em;height:1em}.elementor-widget-text-editor .elementor-drop-cap{float:left;text-align:center;line-height:1;font-size:50px}.elementor-widget-text-editor .elementor-drop-cap-letter{display:inline-block}<\/style>\t\t\t\t<p>In questo percorso di career coaching in tecniche di marketing familiarizzerai con il lavoro in questo settore attraverso un approccio orientato all&#8217;esperienza.\u00a0<\/p><p>Il marketing \u00e8 una disciplina cruciale in numerosi settori, poich\u00e9 permette alle aziende di promuovere i propri prodotti e servizi e di raggiungere il proprio pubblico di riferimento.\u00a0<\/p><p>Grazie al nostro percorso, potrai applicare le tue conoscenze in contesti reali e sviluppare strategie di marketing vincenti.<\/p><p><br \/>Nell&#8217;approccio al marketing, ogni azienda e ogni prodotto vengono considerati come unici.\u00a0<\/p><p>Utilizzerai le potenzialit\u00e0 della psicologia del consumatore e delle vendite per creare campagne personalizzate che risuonino con il tuo pubblico di riferimento.<\/p><p>Praticare il marketing ti porter\u00e0 a focalizzarti su segmenti di mercato specifici e a sviluppare strategie mirate per soddisfare le esigenze dei tuoi clienti, aumentando cos\u00ec le probabilit\u00e0 di successo delle tue campagne.\u00a0<\/p><p>Ci\u00f2 si rifletter\u00e0 positivamente sulle tue opportunit\u00e0 di carriera.<\/p>\t\t\t\t\t\t<\/div>\n\t\t\t\t<\/div>\n\t\t\t\t<\/div>\n\t\t\t\t\t<\/div>\n\t\t\t\t<\/div>\n\t\t<div class=\"elementor-element elementor-element-d467635 e-flex e-con-boxed e-con e-parent\" data-id=\"d467635\" data-element_type=\"container\">\n\t\t\t\t\t<div class=\"e-con-inner\">\n\t\t\t\t<div class=\"elementor-element elementor-element-2a74574 elementor-view-default elementor-widget elementor-widget-icon\" data-id=\"2a74574\" data-element_type=\"widget\" data-widget_type=\"icon.default\">\n\t\t\t\t<div class=\"elementor-widget-container\">\n\t\t\t\t\t<div class=\"elementor-icon-wrapper\">\n\t\t\t<div class=\"elementor-icon\">\n\t\t\t<svg aria-hidden=\"true\" class=\"e-font-icon-svg e-fas-minus\" viewBox=\"0 0 448 512\" xmlns=\"http:\/\/www.w3.org\/2000\/svg\"><path d=\"M416 208H32c-17.67 0-32 14.33-32 32v32c0 17.67 14.33 32 32 32h384c17.67 0 32-14.33 32-32v-32c0-17.67-14.33-32-32-32z\"><\/path><\/svg>\t\t\t<\/div>\n\t\t<\/div>\n\t\t\t\t<\/div>\n\t\t\t\t<\/div>\n\t\t\t\t<div class=\"elementor-element elementor-element-121d1fc elementor-widget elementor-widget-heading\" data-id=\"121d1fc\" data-element_type=\"widget\" data-widget_type=\"heading.default\">\n\t\t\t\t<div class=\"elementor-widget-container\">\n\t\t\t<h3 class=\"elementor-heading-title elementor-size-default\">In Cosa Consiste il Career Coaching in Marketing Online Gratuito<\/h3>\t\t<\/div>\n\t\t\t\t<\/div>\n\t\t\t\t<div class=\"elementor-element elementor-element-3bbb7f7 elementor-widget elementor-widget-text-editor\" data-id=\"3bbb7f7\" data-element_type=\"widget\" data-widget_type=\"text-editor.default\">\n\t\t\t\t<div class=\"elementor-widget-container\">\n\t\t\t\t\t\t\t<p>Per emergere nel campo del marketing \u00e8 fondamentale acquisire conoscenze e competenze pratiche per mettersi subito al lavoro.<\/p><p>Anche se i titoli di studio possono fornire una base teorica solida, \u00e8 essenziale avere esperienza pratica per essere considerati seriamente nel settore.\u00a0<\/p><p>Tuttavia, ottenere esperienza lavorativa in marketing pu\u00f2 essere difficile.<\/p><p>Per questo motivo, offriamo un career coaching in marketing online completamente gratuito, per fornire agli aspiranti marketer l&#8217;opportunit\u00e0 di applicare le competenze necessarie per distinguersi nel campo.<\/p><p>Il nostro career coaching si propone come un trampolino di lancio per coloro che desiderano iniziare a lavorare nel marketing.\u00a0<\/p><p>Grazie a un approccio pratico e orientato all&#8217;esperienza, il nostro coaching offre una panoramica completa e dettagliata di ci\u00f2 che significa lavorare nel settore del marketing, coprendo tutti gli aspetti fondamentali per una preparazione a 360 gradi.<\/p>\t\t\t\t\t\t<\/div>\n\t\t\t\t<\/div>\n\t\t\t\t\t<\/div>\n\t\t\t\t<\/div>\n\t\t<div class=\"elementor-element elementor-element-0f70b90 e-flex e-con-boxed e-con e-parent\" data-id=\"0f70b90\" data-element_type=\"container\">\n\t\t\t\t\t<div class=\"e-con-inner\">\n\t\t<div class=\"elementor-element elementor-element-d4b21ab e-con-full e-flex e-con e-child\" data-id=\"d4b21ab\" data-element_type=\"container\">\n\t\t\t\t<div class=\"elementor-element elementor-element-c4b0e2f elementor-widget elementor-widget-heading\" data-id=\"c4b0e2f\" data-element_type=\"widget\" data-widget_type=\"heading.default\">\n\t\t\t\t<div class=\"elementor-widget-container\">\n\t\t\t<h3 class=\"elementor-heading-title elementor-size-default\">Quali competenze applicherai nel percorso di Career Coaching:<\/h3>\t\t<\/div>\n\t\t\t\t<\/div>\n\t\t\t\t<div class=\"elementor-element elementor-element-3918f6c elementor-icon-list--layout-traditional elementor-list-item-link-full_width elementor-widget elementor-widget-icon-list\" data-id=\"3918f6c\" data-element_type=\"widget\" data-widget_type=\"icon-list.default\">\n\t\t\t\t<div class=\"elementor-widget-container\">\n\t\t\t<link rel=\"stylesheet\" href=\"https:\/\/growth-army.it\/wp-content\/plugins\/elementor\/assets\/css\/widget-icon-list.min.css\">\t\t<ul class=\"elementor-icon-list-items\">\n\t\t\t\t\t\t\t<li class=\"elementor-icon-list-item\">\n\t\t\t\t\t\t\t\t\t\t\t<span class=\"elementor-icon-list-icon\">\n\t\t\t\t\t\t\t<svg aria-hidden=\"true\" class=\"e-font-icon-svg e-fas-check\" viewBox=\"0 0 512 512\" xmlns=\"http:\/\/www.w3.org\/2000\/svg\"><path d=\"M173.898 439.404l-166.4-166.4c-9.997-9.997-9.997-26.206 0-36.204l36.203-36.204c9.997-9.998 26.207-9.998 36.204 0L192 312.69 432.095 72.596c9.997-9.997 26.207-9.997 36.204 0l36.203 36.204c9.997 9.997 9.997 26.206 0 36.204l-294.4 294.401c-9.998 9.997-26.207 9.997-36.204-.001z\"><\/path><\/svg>\t\t\t\t\t\t<\/span>\n\t\t\t\t\t\t\t\t\t\t<span class=\"elementor-icon-list-text\">Pianificazione strategica del marketing: definire obiettivi, identificare il target di riferimento e sviluppare strategie efficaci.<\/span>\n\t\t\t\t\t\t\t\t\t<\/li>\n\t\t\t\t\t\t\t\t<li class=\"elementor-icon-list-item\">\n\t\t\t\t\t\t\t\t\t\t\t<span class=\"elementor-icon-list-icon\">\n\t\t\t\t\t\t\t<svg aria-hidden=\"true\" class=\"e-font-icon-svg e-fas-check\" viewBox=\"0 0 512 512\" xmlns=\"http:\/\/www.w3.org\/2000\/svg\"><path d=\"M173.898 439.404l-166.4-166.4c-9.997-9.997-9.997-26.206 0-36.204l36.203-36.204c9.997-9.998 26.207-9.998 36.204 0L192 312.69 432.095 72.596c9.997-9.997 26.207-9.997 36.204 0l36.203 36.204c9.997 9.997 9.997 26.206 0 36.204l-294.4 294.401c-9.998 9.997-26.207 9.997-36.204-.001z\"><\/path><\/svg>\t\t\t\t\t\t<\/span>\n\t\t\t\t\t\t\t\t\t\t<span class=\"elementor-icon-list-text\">Marketing digitale:  SEO, SEM, social media marketing, email marketing e altro ancora.<\/span>\n\t\t\t\t\t\t\t\t\t<\/li>\n\t\t\t\t\t\t\t\t<li class=\"elementor-icon-list-item\">\n\t\t\t\t\t\t\t\t\t\t\t<span class=\"elementor-icon-list-icon\">\n\t\t\t\t\t\t\t<svg aria-hidden=\"true\" class=\"e-font-icon-svg e-fas-check\" viewBox=\"0 0 512 512\" xmlns=\"http:\/\/www.w3.org\/2000\/svg\"><path d=\"M173.898 439.404l-166.4-166.4c-9.997-9.997-9.997-26.206 0-36.204l36.203-36.204c9.997-9.998 26.207-9.998 36.204 0L192 312.69 432.095 72.596c9.997-9.997 26.207-9.997 36.204 0l36.203 36.204c9.997 9.997 9.997 26.206 0 36.204l-294.4 294.401c-9.998 9.997-26.207 9.997-36.204-.001z\"><\/path><\/svg>\t\t\t\t\t\t<\/span>\n\t\t\t\t\t\t\t\t\t\t<span class=\"elementor-icon-list-text\">Marketing relazionale: l'importanza delle relazioni con i clienti e creare strategie di fidelizzazione.<\/span>\n\t\t\t\t\t\t\t\t\t<\/li>\n\t\t\t\t\t\t\t\t<li class=\"elementor-icon-list-item\">\n\t\t\t\t\t\t\t\t\t\t\t<span class=\"elementor-icon-list-icon\">\n\t\t\t\t\t\t\t<svg aria-hidden=\"true\" class=\"e-font-icon-svg e-fas-check\" viewBox=\"0 0 512 512\" xmlns=\"http:\/\/www.w3.org\/2000\/svg\"><path d=\"M173.898 439.404l-166.4-166.4c-9.997-9.997-9.997-26.206 0-36.204l36.203-36.204c9.997-9.998 26.207-9.998 36.204 0L192 312.69 432.095 72.596c9.997-9.997 26.207-9.997 36.204 0l36.203 36.204c9.997 9.997 9.997 26.206 0 36.204l-294.4 294.401c-9.998 9.997-26.207 9.997-36.204-.001z\"><\/path><\/svg>\t\t\t\t\t\t<\/span>\n\t\t\t\t\t\t\t\t\t\t<span class=\"elementor-icon-list-text\">Analisi dei dati e reportistica: sviluppare capacit\u00e0 di analisi per valutare l'efficacia delle campagne e adattare le strategie di conseguenza.<\/span>\n\t\t\t\t\t\t\t\t\t<\/li>\n\t\t\t\t\t\t\t\t<li class=\"elementor-icon-list-item\">\n\t\t\t\t\t\t\t\t\t\t\t<span class=\"elementor-icon-list-icon\">\n\t\t\t\t\t\t\t<svg aria-hidden=\"true\" class=\"e-font-icon-svg e-fas-check\" viewBox=\"0 0 512 512\" xmlns=\"http:\/\/www.w3.org\/2000\/svg\"><path d=\"M173.898 439.404l-166.4-166.4c-9.997-9.997-9.997-26.206 0-36.204l36.203-36.204c9.997-9.998 26.207-9.998 36.204 0L192 312.69 432.095 72.596c9.997-9.997 26.207-9.997 36.204 0l36.203 36.204c9.997 9.997 9.997 26.206 0 36.204l-294.4 294.401c-9.998 9.997-26.207 9.997-36.204-.001z\"><\/path><\/svg>\t\t\t\t\t\t<\/span>\n\t\t\t\t\t\t\t\t\t\t<span class=\"elementor-icon-list-text\">Progetti pratici: lavorare su progetti reali per applicare quanto appreso e costruire un portfolio di successo<\/span>\n\t\t\t\t\t\t\t\t\t<\/li>\n\t\t\t\t\t\t<\/ul>\n\t\t\t\t<\/div>\n\t\t\t\t<\/div>\n\t\t\t\t<\/div>\n\t\t<div class=\"elementor-element elementor-element-4f4f814 e-con-full e-flex e-con e-child\" data-id=\"4f4f814\" data-element_type=\"container\">\n\t\t\t\t<div class=\"elementor-element elementor-element-86cb0d5 elementor-widget elementor-widget-image\" data-id=\"86cb0d5\" data-element_type=\"widget\" data-widget_type=\"image.default\">\n\t\t\t\t<div class=\"elementor-widget-container\">\n\t\t\t\t\t\t\t\t\t\t\t\t\t<img decoding=\"async\" width=\"1021\" height=\"664\" src=\"https:\/\/growth-army.it\/wp-content\/uploads\/2024\/06\/mm.png\" class=\"attachment-large size-large wp-image-4691\" alt=\"\" srcset=\"https:\/\/growth-army.it\/wp-content\/uploads\/2024\/06\/mm.png 1021w, https:\/\/growth-army.it\/wp-content\/uploads\/2024\/06\/mm-300x195.png 300w, https:\/\/growth-army.it\/wp-content\/uploads\/2024\/06\/mm-768x499.png 768w\" sizes=\"(max-width: 1021px) 100vw, 1021px\" \/>\t\t\t\t\t\t\t\t\t\t\t\t\t<\/div>\n\t\t\t\t<\/div>\n\t\t\t\t<\/div>\n\t\t\t\t\t<\/div>\n\t\t\t\t<\/div>\n\t\t<div class=\"elementor-element elementor-element-39a1956 e-flex e-con-boxed e-con e-parent\" data-id=\"39a1956\" data-element_type=\"container\">\n\t\t\t\t\t<div class=\"e-con-inner\">\n\t\t\t\t<div class=\"elementor-element elementor-element-47309d2 elementor-view-default elementor-widget elementor-widget-icon\" data-id=\"47309d2\" data-element_type=\"widget\" data-widget_type=\"icon.default\">\n\t\t\t\t<div class=\"elementor-widget-container\">\n\t\t\t\t\t<div class=\"elementor-icon-wrapper\">\n\t\t\t<div class=\"elementor-icon\">\n\t\t\t<svg aria-hidden=\"true\" class=\"e-font-icon-svg e-fas-minus\" viewBox=\"0 0 448 512\" xmlns=\"http:\/\/www.w3.org\/2000\/svg\"><path d=\"M416 208H32c-17.67 0-32 14.33-32 32v32c0 17.67 14.33 32 32 32h384c17.67 0 32-14.33 32-32v-32c0-17.67-14.33-32-32-32z\"><\/path><\/svg>\t\t\t<\/div>\n\t\t<\/div>\n\t\t\t\t<\/div>\n\t\t\t\t<\/div>\n\t\t\t\t<div class=\"elementor-element elementor-element-3000cb8 elementor-widget elementor-widget-heading\" data-id=\"3000cb8\" data-element_type=\"widget\" data-widget_type=\"heading.default\">\n\t\t\t\t<div class=\"elementor-widget-container\">\n\t\t\t<h3 class=\"elementor-heading-title elementor-size-default\">Perch\u00e9 Seguire il Nostro Career Coaching in Marketing Online Gratuito<\/h3>\t\t<\/div>\n\t\t\t\t<\/div>\n\t\t\t\t<div class=\"elementor-element elementor-element-bac5541 elementor-widget elementor-widget-text-editor\" data-id=\"bac5541\" data-element_type=\"widget\" data-widget_type=\"text-editor.default\">\n\t\t\t\t<div class=\"elementor-widget-container\">\n\t\t\t\t\t\t\t<p>Abbiamo deciso di mettere a disposizione i nostri professionisti del marketing per aiutarti a inserirti in questo settore lavorativo con un career coaching in marketing online gratuito.<\/p>\n<p>Il nostro coaching si concentra su una esperienza pratica e orientata al risultato, con un coach dedicato che sar\u00e0 disponibile per guidarti, rispondere alle tue domande e fornirti feedback costruttivi sui tuoi progetti.<\/p>\t\t\t\t\t\t<\/div>\n\t\t\t\t<\/div>\n\t\t\t\t\t<\/div>\n\t\t\t\t<\/div>\n\t\t\t\t<\/div>\n\t\t","protected":false},"excerpt":{"rendered":"<p>Career Coaching in Marketing Online Gratuito con Coach Dedicato In questo percorso di career coaching in tecniche di marketing familiarizzerai con il lavoro in questo settore attraverso un approccio orientato all&#8217;esperienza.\u00a0 Il marketing \u00e8 una disciplina cruciale in numerosi settori, poich\u00e9 permette alle aziende di promuovere i propri prodotti e servizi e di raggiungere il [&hellip;]<\/p>\n","protected":false},"author":2,"featured_media":0,"parent":0,"menu_order":0,"comment_status":"closed","ping_status":"closed","template":"","meta":{"footnotes":""},"class_list":["post-4649","page","type-page","status-publish","hentry"],"_links":{"self":[{"href":"https:\/\/growth-army.it\/index.php?rest_route=\/wp\/v2\/pages\/4649","targetHints":{"allow":["GET"]}}],"collection":[{"href":"https:\/\/growth-army.it\/index.php?rest_route=\/wp\/v2\/pages"}],"about":[{"href":"https:\/\/growth-army.it\/index.php?rest_route=\/wp\/v2\/types\/page"}],"author":[{"embeddable":true,"href":"https:\/\/growth-army.it\/index.php?rest_route=\/wp\/v2\/users\/2"}],"replies":[{"embeddable":true,"href":"https:\/\/growth-army.it\/index.php?rest_route=%2Fwp%2Fv2%2Fcomments&post=4649"}],"version-history":[{"count":35,"href":"https:\/\/growth-army.it\/index.php?rest_route=\/wp\/v2\/pages\/4649\/revisions"}],"predecessor-version":[{"id":4873,"href":"https:\/\/growth-army.it\/index.php?rest_route=\/wp\/v2\/pages\/4649\/revisions\/4873"}],"wp:attachment":[{"href":"https:\/\/growth-army.it\/index.php?rest_route=%2Fwp%2Fv2%2Fmedia&parent=4649"}],"curies":[{"name":"wp","href":"https:\/\/api.w.org\/{rel}","templated":true}]}}