{"id":4723,"date":"2024-06-12T14:33:55","date_gmt":"2024-06-12T14:33:55","guid":{"rendered":"https:\/\/growtharmy.it\/?page_id=4723"},"modified":"2024-07-15T11:57:33","modified_gmt":"2024-07-15T11:57:33","slug":"programmazione","status":"publish","type":"page","link":"https:\/\/growth-army.it\/?page_id=4723","title":{"rendered":"Programmazione"},"content":{"rendered":"\t\t<div data-elementor-type=\"wp-page\" data-elementor-id=\"4723\" class=\"elementor elementor-4723\">\n\t\t\t\t<div class=\"elementor-element elementor-element-c78a34f e-flex e-con-boxed e-con e-parent\" data-id=\"c78a34f\" data-element_type=\"container\">\n\t\t\t\t\t<div class=\"e-con-inner\">\n\t\t<div class=\"elementor-element elementor-element-cf8295f e-con-full e-flex e-con e-child\" data-id=\"cf8295f\" data-element_type=\"container\">\n\t\t\t\t<div class=\"elementor-element elementor-element-e82ccb2 elementor-widget elementor-widget-text-editor\" data-id=\"e82ccb2\" data-element_type=\"widget\" data-widget_type=\"text-editor.default\">\n\t\t\t\t<div class=\"elementor-widget-container\">\n\t\t\t<style>\/*! elementor - v3.21.0 - 26-05-2024 *\/\n.elementor-widget-text-editor.elementor-drop-cap-view-stacked .elementor-drop-cap{background-color:#69727d;color:#fff}.elementor-widget-text-editor.elementor-drop-cap-view-framed .elementor-drop-cap{color:#69727d;border:3px solid;background-color:transparent}.elementor-widget-text-editor:not(.elementor-drop-cap-view-default) .elementor-drop-cap{margin-top:8px}.elementor-widget-text-editor:not(.elementor-drop-cap-view-default) .elementor-drop-cap-letter{width:1em;height:1em}.elementor-widget-text-editor .elementor-drop-cap{float:left;text-align:center;line-height:1;font-size:50px}.elementor-widget-text-editor .elementor-drop-cap-letter{display:inline-block}<\/style>\t\t\t\t<p>In questo percorso di career coaching di programmazione familiarizzerai con il lavoro in questo settore attraverso un approccio orientato all&#8217;esperienza.\u00a0<\/p><p>Saprai come utilizzare nella pratica le competenze acquisite nel tuo percorso formativo e quali sono le applicazioni funzionali maggiormente richieste dalle aziende.<\/p><p>La programmazione si propone come una competenza essenziale in molti settori, dalla tecnologia all&#8217;ingegneria, dalla scienza dei dati alla gestione dei progetti.<\/p><p>Grazie al nostro career coaching, potrai applicare le tue conoscenze in contesti reali e sviluppare soluzioni innovative.<\/p><p>Nell&#8217;approccio alla programmazione, ogni progetto viene considerato come un&#8217;opportunit\u00e0 unica per imparare e crescere.\u00a0<\/p><p>Sfrutterai le potenzialit\u00e0 della logica e della creativit\u00e0 per risolvere problemi complessi e realizzare software efficienti e di alta qualit\u00e0.<\/p><p>Praticare la programmazione ti porter\u00e0 a focalizzarti su un pubblico di utenti finali e a creare soluzioni che rispondano alle loro esigenze, aumentando cos\u00ec le probabilit\u00e0 di successo dei tuoi progetti.\u00a0<\/p><p>Ci\u00f2 si riflette positivamente sul tuo portfolio e sulle tue opportunit\u00e0 di carriera.<\/p>\t\t\t\t\t\t<\/div>\n\t\t\t\t<\/div>\n\t\t\t\t<\/div>\n\t\t<div class=\"elementor-element elementor-element-8dfa6ad e-con-full e-flex e-con e-child\" data-id=\"8dfa6ad\" data-element_type=\"container\">\n\t\t\t\t<div class=\"elementor-element elementor-element-d37a817 elementor-widget elementor-widget-image\" data-id=\"d37a817\" data-element_type=\"widget\" data-widget_type=\"image.default\">\n\t\t\t\t<div class=\"elementor-widget-container\">\n\t\t\t<style>\/*! elementor - v3.21.0 - 26-05-2024 *\/\n.elementor-widget-image{text-align:center}.elementor-widget-image a{display:inline-block}.elementor-widget-image a img[src$=\".svg\"]{width:48px}.elementor-widget-image img{vertical-align:middle;display:inline-block}<\/style>\t\t\t\t\t\t\t\t\t\t<img fetchpriority=\"high\" decoding=\"async\" width=\"1024\" height=\"724\" src=\"https:\/\/growth-army.it\/wp-content\/uploads\/2024\/06\/programm.png\" class=\"attachment-large size-large wp-image-4734\" alt=\"\" srcset=\"https:\/\/growth-army.it\/wp-content\/uploads\/2024\/06\/programm.png 1024w, https:\/\/growth-army.it\/wp-content\/uploads\/2024\/06\/programm-300x212.png 300w, https:\/\/growth-army.it\/wp-content\/uploads\/2024\/06\/programm-768x543.png 768w\" sizes=\"(max-width: 1024px) 100vw, 1024px\" \/>\t\t\t\t\t\t\t\t\t\t\t\t\t<\/div>\n\t\t\t\t<\/div>\n\t\t\t\t<\/div>\n\t\t\t\t\t<\/div>\n\t\t\t\t<\/div>\n\t\t<div class=\"elementor-element elementor-element-440ffae e-flex e-con-boxed e-con e-parent\" data-id=\"440ffae\" data-element_type=\"container\">\n\t\t\t\t\t<div class=\"e-con-inner\">\n\t\t<div class=\"elementor-element elementor-element-04fb1f8 e-con-full e-flex e-con e-child\" data-id=\"04fb1f8\" data-element_type=\"container\">\n\t\t\t\t<div class=\"elementor-element elementor-element-f49c99b elementor-view-default elementor-widget elementor-widget-icon\" data-id=\"f49c99b\" data-element_type=\"widget\" data-widget_type=\"icon.default\">\n\t\t\t\t<div class=\"elementor-widget-container\">\n\t\t\t\t\t<div class=\"elementor-icon-wrapper\">\n\t\t\t<div class=\"elementor-icon\">\n\t\t\t<svg aria-hidden=\"true\" class=\"e-font-icon-svg e-fas-minus\" viewBox=\"0 0 448 512\" xmlns=\"http:\/\/www.w3.org\/2000\/svg\"><path d=\"M416 208H32c-17.67 0-32 14.33-32 32v32c0 17.67 14.33 32 32 32h384c17.67 0 32-14.33 32-32v-32c0-17.67-14.33-32-32-32z\"><\/path><\/svg>\t\t\t<\/div>\n\t\t<\/div>\n\t\t\t\t<\/div>\n\t\t\t\t<\/div>\n\t\t\t\t<div class=\"elementor-element elementor-element-fe9a34e elementor-widget elementor-widget-heading\" data-id=\"fe9a34e\" data-element_type=\"widget\" data-widget_type=\"heading.default\">\n\t\t\t\t<div class=\"elementor-widget-container\">\n\t\t\t<style>\/*! elementor - v3.21.0 - 26-05-2024 *\/\n.elementor-heading-title{padding:0;margin:0;line-height:1}.elementor-widget-heading .elementor-heading-title[class*=elementor-size-]>a{color:inherit;font-size:inherit;line-height:inherit}.elementor-widget-heading .elementor-heading-title.elementor-size-small{font-size:15px}.elementor-widget-heading .elementor-heading-title.elementor-size-medium{font-size:19px}.elementor-widget-heading .elementor-heading-title.elementor-size-large{font-size:29px}.elementor-widget-heading .elementor-heading-title.elementor-size-xl{font-size:39px}.elementor-widget-heading .elementor-heading-title.elementor-size-xxl{font-size:59px}<\/style><h4 class=\"elementor-heading-title elementor-size-default\">In Cosa Consiste Il Career Coaching Di Programmazione Online <\/h4>\t\t<\/div>\n\t\t\t\t<\/div>\n\t\t\t\t<div class=\"elementor-element elementor-element-03c2a3d elementor-widget elementor-widget-text-editor\" data-id=\"03c2a3d\" data-element_type=\"widget\" data-widget_type=\"text-editor.default\">\n\t\t\t\t<div class=\"elementor-widget-container\">\n\t\t\t\t\t\t\t<p>Per emergere nel campo della programmazione \u00e8 fondamentale acquisire conoscenze e competenze pratiche per mettersi subito al lavoro.<\/p><p>Anche se i titoli di studio possono fornire una base teorica solida, \u00e8 essenziale avere esperienza pratica per essere considerati seriamente nel settore.\u00a0<\/p><p>Tuttavia, ottenere esperienza lavorativa nella programmazione pu\u00f2 essere difficile.<\/p><p>Per questo motivo, offriamo un percorso di career coaching in programmazione online per fornire agli aspiranti programmatori l&#8217;opportunit\u00e0 di applicare le competenze necessarie per distinguersi nel campo.<\/p><p>Il nostro career coaching si propone come un trampolino di lancio per coloro che desiderano iniziare a lavorare nella programmazione.\u00a0<\/p><p>Grazie a un approccio pratico e orientato all&#8217;esperienza, il nostro coaching offre una panoramica completa e dettagliata di ci\u00f2 che significa lavorare nel settore della programmazione, coprendo tutti gli aspetti fondamentali per una preparazione a 360 gradi.<\/p>\t\t\t\t\t\t<\/div>\n\t\t\t\t<\/div>\n\t\t\t\t<\/div>\n\t\t\t\t\t<\/div>\n\t\t\t\t<\/div>\n\t\t<div class=\"elementor-element elementor-element-de2b91b e-flex e-con-boxed e-con e-parent\" data-id=\"de2b91b\" data-element_type=\"container\">\n\t\t\t\t\t<div class=\"e-con-inner\">\n\t\t<div class=\"elementor-element elementor-element-9a31cfd e-con-full e-flex e-con e-child\" data-id=\"9a31cfd\" data-element_type=\"container\">\n\t\t\t\t<div class=\"elementor-element elementor-element-8fe05f8 elementor-widget elementor-widget-heading\" data-id=\"8fe05f8\" data-element_type=\"widget\" data-widget_type=\"heading.default\">\n\t\t\t\t<div class=\"elementor-widget-container\">\n\t\t\t<h3 class=\"elementor-heading-title elementor-size-default\">Moduli didattici e contenuti del career coaching:<\/h3>\t\t<\/div>\n\t\t\t\t<\/div>\n\t\t\t\t<div class=\"elementor-element elementor-element-a9a74c0 elementor-icon-list--layout-traditional elementor-list-item-link-full_width elementor-widget elementor-widget-icon-list\" data-id=\"a9a74c0\" data-element_type=\"widget\" data-widget_type=\"icon-list.default\">\n\t\t\t\t<div class=\"elementor-widget-container\">\n\t\t\t<link rel=\"stylesheet\" href=\"https:\/\/growth-army.it\/wp-content\/plugins\/elementor\/assets\/css\/widget-icon-list.min.css\">\t\t<ul class=\"elementor-icon-list-items\">\n\t\t\t\t\t\t\t<li class=\"elementor-icon-list-item\">\n\t\t\t\t\t\t\t\t\t\t\t<span class=\"elementor-icon-list-icon\">\n\t\t\t\t\t\t\t<svg aria-hidden=\"true\" class=\"e-font-icon-svg e-fas-check\" viewBox=\"0 0 512 512\" xmlns=\"http:\/\/www.w3.org\/2000\/svg\"><path d=\"M173.898 439.404l-166.4-166.4c-9.997-9.997-9.997-26.206 0-36.204l36.203-36.204c9.997-9.998 26.207-9.998 36.204 0L192 312.69 432.095 72.596c9.997-9.997 26.207-9.997 36.204 0l36.203 36.204c9.997 9.997 9.997 26.206 0 36.204l-294.4 294.401c-9.998 9.997-26.207 9.997-36.204-.001z\"><\/path><\/svg>\t\t\t\t\t\t<\/span>\n\t\t\t\t\t\t\t\t\t\t<span class=\"elementor-icon-list-text\">Fondamenti di programmazione: applicare i concetti base, come variabili, strutture di controllo, cicli e funzioni.<\/span>\n\t\t\t\t\t\t\t\t\t<\/li>\n\t\t\t\t\t\t\t\t<li class=\"elementor-icon-list-item\">\n\t\t\t\t\t\t\t\t\t\t\t<span class=\"elementor-icon-list-icon\">\n\t\t\t\t\t\t\t<svg aria-hidden=\"true\" class=\"e-font-icon-svg e-fas-check\" viewBox=\"0 0 512 512\" xmlns=\"http:\/\/www.w3.org\/2000\/svg\"><path d=\"M173.898 439.404l-166.4-166.4c-9.997-9.997-9.997-26.206 0-36.204l36.203-36.204c9.997-9.998 26.207-9.998 36.204 0L192 312.69 432.095 72.596c9.997-9.997 26.207-9.997 36.204 0l36.203 36.204c9.997 9.997 9.997 26.206 0 36.204l-294.4 294.401c-9.998 9.997-26.207 9.997-36.204-.001z\"><\/path><\/svg>\t\t\t\t\t\t<\/span>\n\t\t\t\t\t\t\t\t\t\t<span class=\"elementor-icon-list-text\">Programmazione orientata agli oggetti: saper applicare i principi della OOP, come classi, oggetti, ereditariet\u00e0 e polimorfismo.<\/span>\n\t\t\t\t\t\t\t\t\t<\/li>\n\t\t\t\t\t\t\t\t<li class=\"elementor-icon-list-item\">\n\t\t\t\t\t\t\t\t\t\t\t<span class=\"elementor-icon-list-icon\">\n\t\t\t\t\t\t\t<svg aria-hidden=\"true\" class=\"e-font-icon-svg e-fas-check\" viewBox=\"0 0 512 512\" xmlns=\"http:\/\/www.w3.org\/2000\/svg\"><path d=\"M173.898 439.404l-166.4-166.4c-9.997-9.997-9.997-26.206 0-36.204l36.203-36.204c9.997-9.998 26.207-9.998 36.204 0L192 312.69 432.095 72.596c9.997-9.997 26.207-9.997 36.204 0l36.203 36.204c9.997 9.997 9.997 26.206 0 36.204l-294.4 294.401c-9.998 9.997-26.207 9.997-36.204-.001z\"><\/path><\/svg>\t\t\t\t\t\t<\/span>\n\t\t\t\t\t\t\t\t\t\t<span class=\"elementor-icon-list-text\">Sviluppo web: sapere come creare siti web dinamici utilizzando HTML, CSS e JavaScript.<\/span>\n\t\t\t\t\t\t\t\t\t<\/li>\n\t\t\t\t\t\t\t\t<li class=\"elementor-icon-list-item\">\n\t\t\t\t\t\t\t\t\t\t\t<span class=\"elementor-icon-list-icon\">\n\t\t\t\t\t\t\t<svg aria-hidden=\"true\" class=\"e-font-icon-svg e-fas-check\" viewBox=\"0 0 512 512\" xmlns=\"http:\/\/www.w3.org\/2000\/svg\"><path d=\"M173.898 439.404l-166.4-166.4c-9.997-9.997-9.997-26.206 0-36.204l36.203-36.204c9.997-9.998 26.207-9.998 36.204 0L192 312.69 432.095 72.596c9.997-9.997 26.207-9.997 36.204 0l36.203 36.204c9.997 9.997 9.997 26.206 0 36.204l-294.4 294.401c-9.998 9.997-26.207 9.997-36.204-.001z\"><\/path><\/svg>\t\t\t\t\t\t<\/span>\n\t\t\t\t\t\t\t\t\t\t<span class=\"elementor-icon-list-text\">Database e SQL: acquisire competenze nella gestione dei dati e nell'interrogazione di database relazionali.<\/span>\n\t\t\t\t\t\t\t\t\t<\/li>\n\t\t\t\t\t\t\t\t<li class=\"elementor-icon-list-item\">\n\t\t\t\t\t\t\t\t\t\t\t<span class=\"elementor-icon-list-icon\">\n\t\t\t\t\t\t\t<svg aria-hidden=\"true\" class=\"e-font-icon-svg e-fas-check\" viewBox=\"0 0 512 512\" xmlns=\"http:\/\/www.w3.org\/2000\/svg\"><path d=\"M173.898 439.404l-166.4-166.4c-9.997-9.997-9.997-26.206 0-36.204l36.203-36.204c9.997-9.998 26.207-9.998 36.204 0L192 312.69 432.095 72.596c9.997-9.997 26.207-9.997 36.204 0l36.203 36.204c9.997 9.997 9.997 26.206 0 36.204l-294.4 294.401c-9.998 9.997-26.207 9.997-36.204-.001z\"><\/path><\/svg>\t\t\t\t\t\t<\/span>\n\t\t\t\t\t\t\t\t\t\t<span class=\"elementor-icon-list-text\">Strumenti di sviluppo: familiarizzare con gli ambienti di sviluppo integrati (IDE), i sistemi di controllo della versione (Git) e altre risorse utili per il coding.<\/span>\n\t\t\t\t\t\t\t\t\t<\/li>\n\t\t\t\t\t\t\t\t<li class=\"elementor-icon-list-item\">\n\t\t\t\t\t\t\t\t\t\t\t<span class=\"elementor-icon-list-icon\">\n\t\t\t\t\t\t\t<svg aria-hidden=\"true\" class=\"e-font-icon-svg e-fas-check\" viewBox=\"0 0 512 512\" xmlns=\"http:\/\/www.w3.org\/2000\/svg\"><path d=\"M173.898 439.404l-166.4-166.4c-9.997-9.997-9.997-26.206 0-36.204l36.203-36.204c9.997-9.998 26.207-9.998 36.204 0L192 312.69 432.095 72.596c9.997-9.997 26.207-9.997 36.204 0l36.203 36.204c9.997 9.997 9.997 26.206 0 36.204l-294.4 294.401c-9.998 9.997-26.207 9.997-36.204-.001z\"><\/path><\/svg>\t\t\t\t\t\t<\/span>\n\t\t\t\t\t\t\t\t\t\t<span class=\"elementor-icon-list-text\">Progetti pratici: lavorare su progetti reali per applicare quanto appreso e costruire un portfolio che dimostri le competenze acquisite.<\/span>\n\t\t\t\t\t\t\t\t\t<\/li>\n\t\t\t\t\t\t<\/ul>\n\t\t\t\t<\/div>\n\t\t\t\t<\/div>\n\t\t\t\t<\/div>\n\t\t<div class=\"elementor-element elementor-element-d0c246f e-con-full e-flex e-con e-child\" data-id=\"d0c246f\" data-element_type=\"container\">\n\t\t\t\t<div class=\"elementor-element elementor-element-2792182 elementor-widget elementor-widget-image\" data-id=\"2792182\" data-element_type=\"widget\" data-widget_type=\"image.default\">\n\t\t\t\t<div class=\"elementor-widget-container\">\n\t\t\t\t\t\t\t\t\t\t\t\t\t<img decoding=\"async\" width=\"1024\" height=\"724\" src=\"https:\/\/growth-army.it\/wp-content\/uploads\/2024\/06\/prog.png\" class=\"attachment-large size-large wp-image-4736\" alt=\"\" srcset=\"https:\/\/growth-army.it\/wp-content\/uploads\/2024\/06\/prog.png 1024w, https:\/\/growth-army.it\/wp-content\/uploads\/2024\/06\/prog-300x212.png 300w, https:\/\/growth-army.it\/wp-content\/uploads\/2024\/06\/prog-768x543.png 768w\" sizes=\"(max-width: 1024px) 100vw, 1024px\" \/>\t\t\t\t\t\t\t\t\t\t\t\t\t<\/div>\n\t\t\t\t<\/div>\n\t\t\t\t<\/div>\n\t\t\t\t\t<\/div>\n\t\t\t\t<\/div>\n\t\t<div class=\"elementor-element elementor-element-30b85be e-flex e-con-boxed e-con e-parent\" data-id=\"30b85be\" data-element_type=\"container\">\n\t\t\t\t\t<div class=\"e-con-inner\">\n\t\t<div class=\"elementor-element elementor-element-a02175d e-con-full e-flex e-con e-child\" data-id=\"a02175d\" data-element_type=\"container\">\n\t\t\t\t<div class=\"elementor-element elementor-element-026233a elementor-view-default elementor-widget elementor-widget-icon\" data-id=\"026233a\" data-element_type=\"widget\" data-widget_type=\"icon.default\">\n\t\t\t\t<div class=\"elementor-widget-container\">\n\t\t\t\t\t<div class=\"elementor-icon-wrapper\">\n\t\t\t<div class=\"elementor-icon\">\n\t\t\t<svg aria-hidden=\"true\" class=\"e-font-icon-svg e-fas-minus\" viewBox=\"0 0 448 512\" xmlns=\"http:\/\/www.w3.org\/2000\/svg\"><path d=\"M416 208H32c-17.67 0-32 14.33-32 32v32c0 17.67 14.33 32 32 32h384c17.67 0 32-14.33 32-32v-32c0-17.67-14.33-32-32-32z\"><\/path><\/svg>\t\t\t<\/div>\n\t\t<\/div>\n\t\t\t\t<\/div>\n\t\t\t\t<\/div>\n\t\t\t\t<div class=\"elementor-element elementor-element-1e3885d elementor-widget elementor-widget-heading\" data-id=\"1e3885d\" data-element_type=\"widget\" data-widget_type=\"heading.default\">\n\t\t\t\t<div class=\"elementor-widget-container\">\n\t\t\t<h4 class=\"elementor-heading-title elementor-size-default\">Perch\u00e9 Seguire il Nostro Career Coaching Di Programmazione Online <\/h4>\t\t<\/div>\n\t\t\t\t<\/div>\n\t\t\t\t<div class=\"elementor-element elementor-element-505017e elementor-widget elementor-widget-text-editor\" data-id=\"505017e\" data-element_type=\"widget\" data-widget_type=\"text-editor.default\">\n\t\t\t\t<div class=\"elementor-widget-container\">\n\t\t\t\t\t\t\t<p>Come abbiamo visto, avere la possibilit\u00e0 di fare pratica e capire concretamente come svolgere questo lavoro \u00e8 un\u2019opportunit\u00e0 che le aziende non forniscono, poich\u00e9 questo significa dover mettere a disposizione dei principianti il tempo e le energie di professionisti che li dovranno assistere durante il percorso.<\/p>\n<p>Abbiamo deciso di mettere a disposizione i nostri professionisti della programmazione e dello sviluppo software per aiutarti a raggiungere i tuoi obiettivi con un percorso di career coaching di programmazione online.<\/p>\n<p>Il coaching che riceverai sar\u00e0 unicamente orientato a renderti in grado di realizzare le migliori soluzioni software in modo autonomo.<\/p>\n<p>Oltre al ricco curriculum didattico, il nostro career coaching di programmazione online si distingue per l\u2019attenzione dedicata a ciascun partecipante.<\/p>\n<p>Un coach dedicato sar\u00e0 a disposizione per guidarti attraverso il percorso di sviluppo personale, rispondendo alle tue domande e fornirti feedback costruttivi sui tuoi progetti.<\/p>\t\t\t\t\t\t<\/div>\n\t\t\t\t<\/div>\n\t\t\t\t<\/div>\n\t\t\t\t\t<\/div>\n\t\t\t\t<\/div>\n\t\t\t\t<\/div>\n\t\t","protected":false},"excerpt":{"rendered":"<p>In questo percorso di career coaching di programmazione familiarizzerai con il lavoro in questo settore attraverso un approccio orientato all&#8217;esperienza.\u00a0 Saprai come utilizzare nella pratica le competenze acquisite nel tuo percorso formativo e quali sono le applicazioni funzionali maggiormente richieste dalle aziende. La programmazione si propone come una competenza essenziale in molti settori, dalla tecnologia [&hellip;]<\/p>\n","protected":false},"author":2,"featured_media":0,"parent":0,"menu_order":0,"comment_status":"closed","ping_status":"closed","template":"","meta":{"footnotes":""},"class_list":["post-4723","page","type-page","status-publish","hentry"],"_links":{"self":[{"href":"https:\/\/growth-army.it\/index.php?rest_route=\/wp\/v2\/pages\/4723","targetHints":{"allow":["GET"]}}],"collection":[{"href":"https:\/\/growth-army.it\/index.php?rest_route=\/wp\/v2\/pages"}],"about":[{"href":"https:\/\/growth-army.it\/index.php?rest_route=\/wp\/v2\/types\/page"}],"author":[{"embeddable":true,"href":"https:\/\/growth-army.it\/index.php?rest_route=\/wp\/v2\/users\/2"}],"replies":[{"embeddable":true,"href":"https:\/\/growth-army.it\/index.php?rest_route=%2Fwp%2Fv2%2Fcomments&post=4723"}],"version-history":[{"count":25,"href":"https:\/\/growth-army.it\/index.php?rest_route=\/wp\/v2\/pages\/4723\/revisions"}],"predecessor-version":[{"id":4883,"href":"https:\/\/growth-army.it\/index.php?rest_route=\/wp\/v2\/pages\/4723\/revisions\/4883"}],"wp:attachment":[{"href":"https:\/\/growth-army.it\/index.php?rest_route=%2Fwp%2Fv2%2Fmedia&parent=4723"}],"curies":[{"name":"wp","href":"https:\/\/api.w.org\/{rel}","templated":true}]}}